rmine i(-211).
139
Let l(z) = 108*z + 12706. What is l(-141)?
-2522
Let w(l) = l**3 + 194*l**2 + 895*l - 9443. Determine w(-189).
7
Let a(w) = -2*w**3 + 12*w**2 - 144*w + 252. What is a(2)?
-4
Let r(h) = 2*h**3 - 346*h**2 - 18571*h - 1098. Give r(216).
-18
Let t(p) = -2*p**3 - 32*p**2 - 31*p + 15. Give t(-15).
30
Let g(z) = -2*z**3 - 28*z**2 + 28*z - 318. Determine g(-16).
258
Let u(f) = -f**3 - 97*f**2 + 388*f + 9096. Calculate u(-100).
296
Let d(x) = 6*x**2 + 1482*x + 2955. Calculate d(-245).
15
Let d(v) = -45529*v - 590479. Give d(-13).
1398
Let c(b) = -3*b**3 + 45*b**2 - 570*b - 2. Determine c(0).
-2
Let k(u) = -u**3 + 103*u**2 + 11816*u - 1202608. Determine k(97).
-2
Let m(u) = 86*u**3 + 2*u**2 + 22*u + 22. Give m(-1).
-84
Let z(m) = 63*m - 1859. What is z(10)?
-1229
Let p(b) = -45*b**2 + 857*b - 860. Give p(1).
-48
Let s(r) = r**3 - 34*r**2 + 284*r + 10032. What is s(-12)?
0
Let o(j) = 5*j**3 - 49*j**2 - 279*j + 777. Determine o(13).
-146
Let c(g) = -2*g**2 + 1282. What is c(0)?
1282
Let v(l) = 14234*l - 16155579. Calculate v(1135).
11
Let c(i) = i**3 - 60*i**2 + 770*i + 64. Calculate c(22).
-1388
Let w(b) = -715*b**2 + 55041*b + 1073. Determine w(77).
-5
Let f(v) = -v**3 + 216*v**2 - 1862*v - 251. What is f(207)?
-44
Let x(l) = 39*l - 1857. Give x(59).
444
Let o(z) = z**2 - 6568*z + 4061030. Determine o(691).
23
Let r(u) = 2*u**3 - 44*u**2 + 161*u + 235. Give r(20).
1855
Let j(v) = -v**2 + 118*v - 4443. What is j(107)?
-3266
Let v(p) = -18*p**2 - 200*p - 367. Determine v(-9).
-25
Let q(o) = -o**2 + 463102*o - 48151790. Determine q(104).
2
Let u(y) = y**3 - 10*y**2 + 451*y - 11822. Calculate u(19).
-4
Let v(p) = 8*p**2 + 387*p + 1329. What is v(-37)?
-2038
Let y(j) = -10*j**3 + j**2 - 1714*j - 1712. What is y(-1)?
13
Let l(a) = a**3 - 257*a**2 + 576*a - 16819. Calculate l(255).
11
Let o(s) = -2*s**3 + 101*s**2 - 1217*s - 457. Determine o(21).
5
Let z(c) = -71*c - 1694. What is z(-34)?
720
Let w(n) = -1623*n + 266177. Determine w(164).
5
Let l(p) = -p**3 + 24*p**2 - 47*p + 68. Calculate l(25).
-1732
Let s(c) = 1462*c + 23625. What is s(-17)?
-1229
Let o(h) = -11014*h + 286385. Calculate o(26).
21
Let p(d) = 15*d**3 + 2599*d**2 + 705*d + 2352. Give p(-173).
103
Let o(h) = 216*h + 5992. Calculate o(-27).
160
Let q(h) = -3919*h + 15777. Calculate q(4).
101
Let d(v) = -29*v + 4324. Determine d(106).
1250
Let n(l) = -173*l**2 + 568*l + 16. What is n(2)?
460
Let d(h) = -130538*h + 1305335. Give d(10).
-45
Let q(u) = -45*u + 529. What is q(-6)?
799
Let m(x) = -56*x + 1375. Give m(13).
647
Let z(i) = 10*i**2 - 102*i - 871. Give z(-9).
857
Let w(d) = 3682*d - 22084. Calculate w(6).
8
Let m(x) = x**3 - 41*x**2 + 246*x - 5007. Determine m(38).
9
Let p(d) = 87*d**3 - 5*d**2 + 97*d + 203. Give p(-2).
-707
Let f(l) = -5*l**3 - 38*l**2 - 55*l - 573. Give f(-8).
-5
Let m(n) = -n**2 + 26*n + 1863. What is m(58)?
7
Let u(i) = 416*i**2 - 462*i + 454. Give u(1).
408
Let v(k) = -19*k**2 + 1340*k - 26. Determine v(70).
674
Let r(q) = q**2 - 620915*q - 2483673. Determine r(-4).
3
Let v(y) = -4*y**2 - 6417*y + 51287. Calculate v(8).
-305
Let h(r) = 90902*r + 1999880. Calculate h(-22).
36
Let a(l) = l**3 - 362*l**2 + 30160*l + 54. What is a(232)?
54
Let a(o) = 1018*o + 555824. Determine a(-546).
-4
Let o(r) = -85*r**2 - 24570*r - 565. Give o(-289).
880
Let f(a) = 35*a - 3054. Calculate f(84).
-114
Let i(s) = s**3 - s**2 - 941*s - 2281. Calculate i(32).
-649
Let x(g) = 99353*g - 496770. Determine x(5).
-5
Let o(n) = -499*n**2 - 7931*n + 11. Calculate o(-16).
-837
Let i(w) = 4*w**3 - 5*w**2 + 41*w + 173. Calculate i(-6).
-1117
Let a(f) = 2485*f - 49983. Calculate a(21).
2202
Let r(i) = -i**3 - i**2 + 18*i - 1. What is r(-7)?
167
Let a(r) = -10*r**2 + 4274*r - 34218. What is a(8)?
-666
Let u(p) = -p**3 + 242*p**2 + 281*p - 9180. Calculate u(243).
54
Let r(d) = -3799*d + 3821799. Give r(1006).
5
Let d(p) = 502*p**2 - 28617*p + 189. Give d(57).
18
Let u(q) = -q**3 - 14*q**2 - 5*q - 228. Calculate u(-15).
72
Let w(h) = -121793*h + 1096128. Calculate w(9).
-9
Let g(d) = -337*d - 162. Calculate g(1).
-499
Let b(v) = -1407*v - 5794. Give b(-5).
1241
Let q(u) = -8713*u - 25983. Give q(-3).
156
Let w(r) = r**3 + 23*r**2 + 424*r + 10751. Determine w(-24).
-1
Let w(k) = 303*k**2 + 492*k - 492. Determine w(1).
303
Let w(v) = -1415161*v - 1415137. Calculate w(-1).
24
Let z(s) = s**3 + 20*s**2 + 32*s + 412. Determine z(-18).
484
Let j(x) = -2*x**3 + 496*x**2 + 1319*x - 79768. Calculate j(250).
-18
Let b(s) = 354*s - 4261. Give b(13).
341
Let k(p) = -710*p + 34084. What is k(48)?
4
Let w(a) = -a**3 - 11*a**2 + 106*a + 664. What is w(-15)?
-26
Let r(o) = 11*o**2 + 1059*o + 6212. Give r(-90).
2
Let j(m) = -1574*m**2 - 28499*m - 3022. Give j(-18).
-16
Let s(c) = c**3 + 17*c**2 - 3*c + 211. Determine s(-22).
-2143
Let q(s) = 69*s**2 + 3875*s + 208. What is q(-56)?
-408
Let u(z) = -69*z - 2726. Determine u(-34).
-380
Let r(a) = 4*a**2 + 1914*a - 99955. Calculate r(-526).
-15
Let o(x) = -25*x**3 - 7251*x**2 - 186*x + 30139. Determine o(-290).
-21
Let k(i) = 2*i**3 + 167*i**2 - 1554*i + 918. What is k(-92)?
-2
Let l(h) = -4212*h - 4277. Determine l(-2).
4147
Let z(o) = 41580*o + 124740. What is z(-3)?
0
Let j(h) = 127*h**2 - 136*h - 94. Give j(-2).
686
Let p(q) = q**2 + 48*q + 151. Determine p(-44).
-25
Let f(s) = 6961*s + 1155503. What is f(-166)?
-23
Let q(c) = -c**3 - 371*c**2 + 2635*c + 84. Give q(7).
7
Let b(a) = 617*a**2 + 58102*a + 9775. Calculate b(-94).
-1
Let y(b) = -10*b**2 + 543*b - 408. Calculate y(53).
281
Let k(c) = 5*c**2 - 40497*c - 243159. Give k(-6).
3
Let n(x) = x**2 - 98*x + 2409. Determine n(51).
12
Let i(o) = o**2 - 4387*o - 39536. What is i(-9)?
28
Let k(n) = -746*n**2 - 1882*n + 1. Determine k(-2).
781
Let b(x) = x**3 - 19*x**2 + 88*x + 66. Calculate b(9).
48
Let v(l) = -78*l + 3406. What is v(41)?
208
Let x(f) = -238*f**2 + 4228*f - 17942. Give x(7).
-8
Let o(p) = -2*p**2 + 585*p + 639910. What is o(-438)?
-8
Let t(l) = l**3 + 92*l**2 - 1873*l + 8587. Determine t(8).
3
Let h(r) = -4675*r - 1837292. Give h(-393).
-17
Let z(m) = 819*m + 6536. What is z(-8)?
-16
Let a(m) = 401*m + 440. Give a(-1).
39
Let l(x) = -x**3 - 82*x**2 - 754*x + 2082. Calculate l(-71).
165
Let l(f) = 374*f**3 - 1871*f**2 + 3*f - 13. Give l(5).
-23
Let q(j) = -22820*j + 433628. Calculate q(19).
48
Let z(c) = 3*c**2 - 2624*c + 56679. Calculate z(22).
403
Let z(v) = 2*v**3 + 61*v**2 - 619*v - 84. What is z(-39)?
-1800
Let n(v) = -1750*v + 6782. Determine n(6).
-3718
Let m(r) = -2*r**2 + 196*r + 787. Give m(101).
181
Let x(i) = -693*i - 16654. What is x(-24)?
-22
Let t(i) = 1740*i - 198350. Give t(114).
10
Let t(b) = b**3 - 15*b**2 - 548*b + 87. Calculate t(-17).
155
Let h(d) = -279*d - 80093. Determine h(-287).
-20
Let u(d) = -d**2 + 223444*d + 2457998. Give u(-11).
-7
Let q(h) = -2*h**3 - 89*h**2 - 381*h + 47. Determine q(-5).
-23
Let j(b) = -29*b**2 + 54*b - 162. Give j(3).
-261
Let c(i) = -871*i - 13020. Determine c(-15).
45
Let m(r) = 251*r - 136503. Calculate m(544).
41
Let z(x) = 325102*x - 5. Determine z(0).
-5
Let r(i) = -i**3 + 35*i**2 - 217*i - 12. Calculate r(27).
-39
Let l(m) = -4*m**3 - 149*m**2 + 369*m - 2805. Determine l(-40).
35
Let a(v) = 65*v**2 + 1983*v - 2055. Determine a(1).
-7
Let j(q) = 4*q**3 + 299*q**2 + 4673*q - 31. Calculate j(-22).
-713
Let v(a) = -553*a + 27689. Give v(50).
39
Let x(n) = -42*n**2 - 515*n + 3383. What is x(-17)?
0
Let z(n) = -29*n + 11732. What is z(404)?
16
Let m(o) = 618*o**2 - 340*o - 883. Determine m(-3).
5699
Let h(w) = -6*w**2 + 23718*w - 118627. Determine h(5).
-187
Let p(j) = 380*j + 42068. Calculate p(-111).
-112
Let k(r) = -5456*r + 21913. Determine k(4).
89
Let c(l) = -120502*l + 964012. Give c(8).
-4
Let h(l) = 896*l - 18779. Determine h(21).
37
Let i(o) = 4357*o - 35300. Calculate i(8).
-444
Let m(y) = -4*y**3 - 213*y**2 - 467*y - 150. Give m(-51).
258
Let n(t) = -t**3 + 15*t**2 - 4*t - 352. Determine n(13).
-66
Let z(b) = b**3 - 25*b**2 + 54*b + 733. Give z(8).
77
Let r(q) = -7094*q - 198644. Calculate r(-28).
-12
Let i(n) = 34*n**3 - 513*n**2 + 86*n - 627. Give i(15).
-12
Let q(h) = 2*h**3 - 270*h**2 + 8971*h - 299. Calculate q(76).
-71
Let y(l) = 6*l**3 - 32*l**2 + 2922*l - 14569. Calculate y(5).
-9
Let f(y) = 79206*y + 2059309